{"id":213,"date":"2020-05-18T14:52:04","date_gmt":"2020-05-18T14:52:04","guid":{"rendered":"https:\/\/132.247.127.129\/?page_id=213"},"modified":"2025-10-16T11:52:35","modified_gmt":"2025-10-16T17:52:35","slug":"alta-especialidad-academicos-2","status":"publish","type":"page","link":"https:\/\/www.fmposgrado.unam.mx\/index.php\/alta-especialidad-academicos-2","title":{"rendered":"Requisitos para el nombramiento del profesor"},"content":{"rendered":"<p>[et_pb_section fb_built=\u00bb1&#8243; _builder_version=\u00bb4.16&#8243; use_background_color_gradient=\u00bbon\u00bb background_image=\u00bbhttps:\/\/www.fmposgrado.unam.mx\/wp-content\/uploads\/2020\/05\/DSC00722-scaled.jpg\u00bb parallax=\u00bbon\u00bb custom_padding=\u00bb4px||4px|||\u00bb box_shadow_style=\u00bbpreset3&#8243; global_colors_info=\u00bb{}\u00bb][et_pb_row use_custom_gutter=\u00bbon\u00bb gutter_width=\u00bb1&#8243; make_equal=\u00bbon\u00bb admin_label=\u00bbrow\u00bb _builder_version=\u00bb4.16&#8243; use_background_color_gradient=\u00bbon\u00bb background_color_gradient_stops=\u00bbrgba(34,178,181,0.54) 0%|rgba(15,28,89,0.57) 100%\u00bb background_color_gradient_start=\u00bbrgba(34,178,181,0.54)\u00bb background_color_gradient_end=\u00bbrgba(15,28,89,0.57)\u00bb background_image=\u00bbhttps:\/\/www.fmposgrado.unam.mx\/wp-content\/uploads\/2020\/05\/Sin-ti\u0301tulo-2.png\u00bb parallax=\u00bbon\u00bb width=\u00bb100%\u00bb max_width=\u00bb2468px\u00bb custom_margin=\u00bb-11px|auto|-5px|auto||\u00bb custom_padding=\u00bb67px||91px|||\u00bb global_colors_info=\u00bb{}\u00bb][et_pb_column type=\u00bb4_4&#8243; _builder_version=\u00bb4.16&#8243; custom_padding=\u00bb|||\u00bb global_colors_info=\u00bb{}\u00bb custom_padding__hover=\u00bb|||\u00bb][et_pb_text _builder_version=\u00bb4.16&#8243; text_font_size=\u00bb1px\u00bb header_font=\u00bb|600|||||||\u00bb header_text_color=\u00bb#ffffff\u00bb header_font_size=\u00bb41px\u00bb text_orientation=\u00bbcenter\u00bb custom_margin=\u00bb19px|||||\u00bb custom_padding=\u00bb2px|||||\u00bb global_colors_info=\u00bb{}\u00bb]<\/p>\n<h1>Requisitos para el nombramiento de profesor(a)<\/h1>\n<p>[\/et_pb_text][et_pb_text _builder_version=\u00bb4.18.0&#8243; text_font=\u00bb|300||on|||||\u00bb text_text_color=\u00bb#efab00&#8243; text_font_size=\u00bb22px\u00bb header_font=\u00bb|600|||||||\u00bb header_text_color=\u00bb#ffffff\u00bb header_font_size=\u00bb41px\u00bb text_orientation=\u00bbcenter\u00bb custom_margin=\u00bb19px|||||\u00bb custom_padding=\u00bb2px|||||\u00bb global_colors_info=\u00bb{}\u00bb]<\/p>\n<p>Acad\u00e9micos<\/p>\n<p>[\/et_pb_text][\/et_pb_column][\/et_pb_row][\/et_pb_section][et_pb_section fb_built=\u00bb1&#8243; _builder_version=\u00bb4.16&#8243; global_colors_info=\u00bb{}\u00bb][et_pb_row column_structure=\u00bb1_2,1_2&#8243; _builder_version=\u00bb4.24.1&#8243; _module_preset=\u00bbdefault\u00bb global_colors_info=\u00bb{}\u00bb][et_pb_column type=\u00bb1_2&#8243; _builder_version=\u00bb4.24.1&#8243; _module_preset=\u00bbdefault\u00bb global_colors_info=\u00bb{}\u00bb][et_pb_text _builder_version=\u00bb4.27.4&#8243; _module_preset=\u00bbdefault\u00bb background_color=\u00bbrgba(255,244,153,0.86)\u00bb custom_padding=\u00bb15px|0px|15px|15px|false|false\u00bb border_radii=\u00bbon|15px|15px|15px|15px\u00bb border_width_all=\u00bb2px\u00bb border_color_all=\u00bb#E02B20&#8243; box_shadow_style=\u00bbpreset1&#8243; global_colors_info=\u00bb{}\u00bb]<\/p>\n<p><span>Les recordamos a todos los titulares de curso que no cuenten con firma electr\u00f3nica, que la requerir\u00e1n para poder calificar a sus residentes en las evaluaciones del ciclo 2024-2025. <\/span><span>La pueden solicitar con la Dra. Claudia Jimena Vilchis Macedo al correo: <a rel=\"nofollow noopener noreferrer\" ymailto=\"mailto:martha.rios@fmposgrado.unam.mx\" target=\"_blank\" href=\"mailto:martha.rios@fmposgrado.unam.mx\">martha.rios@fmposgrado.unam.mx<\/a><\/span><\/p>\n<p>[\/et_pb_text][\/et_pb_column][et_pb_column type=\u00bb1_2&#8243; _builder_version=\u00bb4.24.1&#8243; _module_preset=\u00bbdefault\u00bb global_colors_info=\u00bb{}\u00bb][et_pb_text _builder_version=\u00bb4.24.1&#8243; _module_preset=\u00bbdefault\u00bb background_color=\u00bbrgba(255,244,153,0.86)\u00bb custom_padding=\u00bb15px|0px|15px|15px|false|false\u00bb border_radii=\u00bbon|15px|15px|15px|15px\u00bb border_width_all=\u00bb2px\u00bb border_color_all=\u00bb#E02B20&#8243; box_shadow_style=\u00bbpreset1&#8243; global_colors_info=\u00bb{}\u00bb]<\/p>\n<p><span>A los profesores(as) que fueron invitados a ser SINODALES de grado, se les invita a registrarse en el siguiente enlace de FEU:\u00a0<\/span><a rel=\"nofollow noopener noreferrer\" target=\"_blank\" href=\"https:\/\/forms.gle\/5SqLy3HA7jfmBkFKA\">https:\/\/forms.gle\/5SqLy3HA7jfmBkFKA<\/a><\/p>\n<p>[\/et_pb_text][\/et_pb_column][\/et_pb_row][et_pb_row _builder_version=\u00bb4.16&#8243; global_colors_info=\u00bb{}\u00bb][et_pb_column type=\u00bb4_4&#8243; _builder_version=\u00bb4.16&#8243; global_colors_info=\u00bb{}\u00bb][et_pb_text _builder_version=\u00bb4.16&#8243; custom_margin=\u00bb||95px|||\u00bb global_colors_info=\u00bb{}\u00bb]<\/p>\n<h2 class=\"yiv2163103523MsoNormal\"><span>Normas Operativas del Plan \u00danico de Especializaciones M\u00e9dicas<\/span><\/h2>\n<p class=\"yiv2163103523MsoNormal\"><span><\/span><\/p>\n<p class=\"yiv2163103523MsoNormal\"><span>Presentaci\u00f3n<\/span><\/p>\n<p class=\"yiv2163103523MsoNormal\"><span>Este documento obedece a las disposiciones establecidas en el Reglamento General de Estudios de Posgrado de la UNAM, y conforme a su esp\u00edritu, tiene el prop\u00f3sito de precisar aspectos particulares acerca de criterios generales acad\u00e9mico-administrativos establecidos en el Plan \u00danico de Especializaciones M\u00e9dicas que fue aprobado por el H. Consejo Universitario el 21 de abril de 1994, y que se relacionan directamente con los aspectos operativos para un mejor desarrollo de los cursos de especializaci\u00f3n. En tal sentido, se incluyen las situaciones que con mayor frecuencia demandan atenci\u00f3n en cuanto a los requisitos universitarios previstos en el plan de estudios.<\/span><\/p>\n<p>[\/et_pb_text][et_pb_button button_url=\u00bbhttps:\/\/www.fmposgrado.unam.mx\/wp-content\/uploads\/2020\/08\/normas_operativas_puem.pdf\u00bb url_new_window=\u00bbon\u00bb button_text=\u00bbCap\u00edtulo VIII. De los profesores\u00bb _builder_version=\u00bb4.16&#8243; custom_button=\u00bbon\u00bb button_text_color=\u00bb#ffffff\u00bb button_bg_color=\u00bb#0c71c3&#8243; button_icon_color=\u00bbrgba(0,0,0,0)\u00bb global_colors_info=\u00bb{}\u00bb][\/et_pb_button][\/et_pb_column][\/et_pb_row][et_pb_row column_structure=\u00bb1_2,1_2&#8243; _builder_version=\u00bb4.16&#8243; global_colors_info=\u00bb{}\u00bb][et_pb_column type=\u00bb1_2&#8243; _builder_version=\u00bb4.16&#8243; global_colors_info=\u00bb{}\u00bb][et_pb_text _builder_version=\u00bb4.27.0&#8243; _module_preset=\u00bbdefault\u00bb text_orientation=\u00bbcenter\u00bb custom_padding=\u00bb|||190px||\u00bb global_colors_info=\u00bb{}\u00bb]<\/p>\n<h3>P<span>ropuesta profesor titular \/ adjunto<\/span><\/h3>\n<p>[\/et_pb_text][et_pb_image src=\u00bbhttps:\/\/www.fmposgrado.unam.mx\/wp-content\/uploads\/Oficio-propuesta-de-especialidades-scaled.jpg\u00bb title_text=\u00bbOficio propuesta de especialidades\u00bb url=\u00bbhttps:\/\/www.fmposgrado.unam.mx\/wp-content\/uploads\/Oficio-propuesta-de-especialidades.pdf\u00bb _builder_version=\u00bb4.27.0&#8243; _module_preset=\u00bbdefault\u00bb custom_padding=\u00bb|||190px||\u00bb box_shadow_style=\u00bbpreset1&#8243; global_colors_info=\u00bb{}\u00bb][\/et_pb_image][\/et_pb_column][et_pb_column type=\u00bb1_2&#8243; _builder_version=\u00bb4.16&#8243; global_colors_info=\u00bb{}\u00bb][et_pb_text _builder_version=\u00bb4.27.0&#8243; _module_preset=\u00bbdefault\u00bb text_orientation=\u00bbcenter\u00bb custom_margin=\u00bb||50px|||\u00bb custom_padding=\u00bb|190px||||\u00bb global_colors_info=\u00bb{}\u00bb]<\/p>\n<h3><span>Baja profesor<\/span><\/h3>\n<p>[\/et_pb_text][et_pb_image src=\u00bbhttps:\/\/www.fmposgrado.unam.mx\/wp-content\/uploads\/Oficio-de-baja-profesores-scaled.jpg\u00bb title_text=\u00bbOficio de baja profesores\u00bb url=\u00bbhttps:\/\/www.fmposgrado.unam.mx\/wp-content\/uploads\/Oficio-de-baja-profesores.pdf\u00bb _builder_version=\u00bb4.27.0&#8243; _module_preset=\u00bbdefault\u00bb custom_padding=\u00bb|190px||||\u00bb box_shadow_style=\u00bbpreset1&#8243; global_colors_info=\u00bb{}\u00bb][\/et_pb_image][\/et_pb_column][\/et_pb_row][\/et_pb_section][et_pb_section fb_built=\u00bb1&#8243; _builder_version=\u00bb4.16&#8243; background_color=\u00bb#e5e5e5&#8243; locked=\u00bboff\u00bb global_colors_info=\u00bb{}\u00bb][et_pb_row column_structure=\u00bb1_2,1_2&#8243; _builder_version=\u00bb4.16&#8243; global_colors_info=\u00bb{}\u00bb][et_pb_column type=\u00bb1_2&#8243; _builder_version=\u00bb4.16&#8243; global_colors_info=\u00bb{}\u00bb][et_pb_text _builder_version=\u00bb4.27.4&#8243; hover_enabled=\u00bb0&#8243; global_colors_info=\u00bb{}\u00bb sticky_enabled=\u00bb0&#8243;]<\/p>\n<h2><strong>Contacto:<\/strong><\/h2>\n<p><strong>Lic. Clara Valentina Gallardo Guti\u00e9rrez<\/strong><\/p>\n<p><span>Coordinadora de la Secci\u00f3n de Personal Docente y Alumnos<\/span><\/p>\n<p>Correo electr\u00f3nico: <a rel=\"nofollow noopener noreferrer\" ymailto=\"mailto:cvilchis@fmposgrado.unam.mx\" target=\"_blank\" href=\"mailto:cvilchis@fmposgrado.unam.mx\">clara@fmposgrado.unam.mx<\/a><span><\/span><\/p>\n<p class=\"yiv2163103523MsoNormal\"><span><\/span><\/p>\n<p class=\"yiv2163103523MsoNormal\"><span>Tel\u00e9fono: 55 56 23 23 00 <\/span><span>Ext: 81101, 81103, 81074<\/span><\/p>\n<p>[\/et_pb_text][\/et_pb_column][et_pb_column type=\u00bb1_2&#8243; _builder_version=\u00bb4.16&#8243; global_colors_info=\u00bb{}\u00bb][et_pb_image src=\u00bbhttps:\/\/www.fmposgrado.unam.mx\/wp-content\/uploads\/2020\/07\/fotos.png\u00bb _builder_version=\u00bb4.16&#8243; global_colors_info=\u00bb{}\u00bb][\/et_pb_image][\/et_pb_column][\/et_pb_row][\/et_pb_section]<\/p>\n","protected":false},"excerpt":{"rendered":"<p>Requisitos para el nombramiento de profesor(a)Acad\u00e9micosLes recordamos a todos los titulares de curso que no cuenten con firma electr\u00f3nica, que la requerir\u00e1n para poder calificar a sus residentes en las evaluaciones del ciclo 2024-2025. La pueden solicitar con la Dra. Claudia Jimena Vilchis Macedo al correo: martha.rios@fmposgrado.unam.mxA los profesores(as) que fueron invitados a ser SINODALES [&hellip;]<\/p>\n","protected":false},"author":4,"featured_media":0,"parent":0,"menu_order":0,"comment_status":"closed","ping_status":"closed","template":"","meta":{"_acf_changed":false,"_et_pb_use_builder":"on","_et_pb_old_content":"","_et_gb_content_width":"","footnotes":""},"class_list":["post-213","page","type-page","status-publish","hentry"],"acf":[],"_links":{"self":[{"href":"https:\/\/www.fmposgrado.unam.mx\/index.php\/wp-json\/wp\/v2\/pages\/213","targetHints":{"allow":["GET"]}}],"collection":[{"href":"https:\/\/www.fmposgrado.unam.mx\/index.php\/wp-json\/wp\/v2\/pages"}],"about":[{"href":"https:\/\/www.fmposgrado.unam.mx\/index.php\/wp-json\/wp\/v2\/types\/page"}],"author":[{"embeddable":true,"href":"https:\/\/www.fmposgrado.unam.mx\/index.php\/wp-json\/wp\/v2\/users\/4"}],"replies":[{"embeddable":true,"href":"https:\/\/www.fmposgrado.unam.mx\/index.php\/wp-json\/wp\/v2\/comments?post=213"}],"version-history":[{"count":65,"href":"https:\/\/www.fmposgrado.unam.mx\/index.php\/wp-json\/wp\/v2\/pages\/213\/revisions"}],"predecessor-version":[{"id":18443,"href":"https:\/\/www.fmposgrado.unam.mx\/index.php\/wp-json\/wp\/v2\/pages\/213\/revisions\/18443"}],"wp:attachment":[{"href":"https:\/\/www.fmposgrado.unam.mx\/index.php\/wp-json\/wp\/v2\/media?parent=213"}],"curies":[{"name":"wp","href":"https:\/\/api.w.org\/{rel}","templated":true}]}}