{"id":3941,"date":"2020-12-09T23:53:58","date_gmt":"2020-12-09T23:53:58","guid":{"rendered":"https:\/\/www.fmposgrado.unam.mx\/?page_id=3941"},"modified":"2023-06-06T11:16:34","modified_gmt":"2023-06-06T16:16:34","slug":"af-28-1","status":"publish","type":"page","link":"https:\/\/www.fmposgrado.unam.mx\/index.php\/af-28-1","title":{"rendered":"AF 28 1"},"content":{"rendered":"<p>[et_pb_section fb_built=\u00bb1&#8243; _builder_version=\u00bb4.7.3&#8243; _module_preset=\u00bbdefault\u00bb][et_pb_row column_structure=\u00bb1_2,1_2&#8243; _builder_version=\u00bb4.7.3&#8243; _module_preset=\u00bbdefault\u00bb][et_pb_column type=\u00bb1_2&#8243; _builder_version=\u00bb4.7.3&#8243; _module_preset=\u00bbdefault\u00bb][et_pb_image src=\u00bbhttps:\/\/www.fmposgrado.unam.mx\/wp-content\/uploads\/portada.jpg\u00bb title_text=\u00bbportada\u00bb _builder_version=\u00bb4.7.3&#8243; _module_preset=\u00bbdefault\u00bb box_shadow_style=\u00bbpreset1&#8243;][\/et_pb_image][\/et_pb_column][et_pb_column type=\u00bb1_2&#8243; _builder_version=\u00bb4.7.3&#8243; _module_preset=\u00bbdefault\u00bb][et_pb_text _builder_version=\u00bb4.7.3&#8243; _module_preset=\u00bbdefault\u00bb link_option_url=\u00bbhttps:\/\/www.fmposgrado.unam.mx\/wp-content\/uploads\/AF-28-1-1.pdf\u00bb link_option_url_new_window=\u00bbon\u00bb]<\/p>\n<div class=\"et_pb_module et_pb_text et_pb_text_0 et_clickable  et_pb_text_align_left et_pb_bg_layout_light\">\n<div class=\"et_pb_text_inner\">\n<div class=\"et_pb_module et_pb_text et_pb_text_0 et_clickable  et_pb_text_align_left et_pb_bg_layout_light\">\n<div class=\"et_pb_text_inner\">\n<p><strong>Aten. Fam. Volumen 28 no. 1 enero-marzo, 2021<\/strong><\/p>\n<p>(PDF completo)<\/p>\n<\/div>\n<\/div>\n<\/div>\n<\/div>\n<p>[\/et_pb_text][et_pb_text _builder_version=\u00bb4.7.3&#8243; _module_preset=\u00bbdefault\u00bb custom_padding=\u00bb||0px|||\u00bb link_option_url=\u00bbhttps:\/\/www.fmposgrado.unam.mx\/wp-content\/uploads\/EDITO-1.pdf\u00bb link_option_url_new_window=\u00bbon\u00bb]<\/p>\n<p><strong>Editorial<\/strong><\/p>\n<p>Uso generalizado de cubrebocas frente a la pandemia ocasionada por el sars-CoV-2<\/p>\n<p>[\/et_pb_text][et_pb_text _builder_version=\u00bb4.7.3&#8243; _module_preset=\u00bbdefault\u00bb custom_padding=\u00bb||0px|||\u00bb link_option_url=\u00bbhttps:\/\/www.fmposgrado.unam.mx\/wp-content\/uploads\/OA-physical-activity.pdf\u00bb link_option_url_new_window=\u00bbon\u00bb]<\/p>\n<p><strong>Original Article<\/strong><\/p>\n<p>Physical Activity and its Association with Emotional State<span class=\"Apple-converted-space\">\u00a0<\/span>in the Elderly with Obesity<\/p>\n<p>[\/et_pb_text][et_pb_text _builder_version=\u00bb4.7.3&#8243; _module_preset=\u00bbdefault\u00bb custom_padding=\u00bb||0px|||\u00bb link_option_url=\u00bbhttps:\/\/www.fmposgrado.unam.mx\/wp-content\/uploads\/AO-actividad-fisica-y-su-asociacion.pdf\u00bb link_option_url_new_window=\u00bbon\u00bb]<\/p>\n<p><strong>Art\u00edculo original<\/strong><\/p>\n<p>Actividad f\u00edsica y su asociaci\u00f3n con el estado emocional<span class=\"Apple-converted-space\">\u00a0<\/span>en adultos mayores con obesidad<\/p>\n<p>[\/et_pb_text][et_pb_text _builder_version=\u00bb4.7.3&#8243; _module_preset=\u00bbdefault\u00bb custom_padding=\u00bb||0px|||\u00bb link_option_url=\u00bbhttps:\/\/www.fmposgrado.unam.mx\/wp-content\/uploads\/AO-determinacion-de-la-adherencia.pdf\u00bb link_option_url_new_window=\u00bbon\u00bb]<\/p>\n<p><strong>Art\u00edculo original<\/strong><\/p>\n<p>Determinaci\u00f3n de la adherencia farmacol\u00f3gica en adultos mayores hipertensos<\/p>\n<p>[\/et_pb_text][et_pb_text _builder_version=\u00bb4.7.3&#8243; _module_preset=\u00bbdefault\u00bb custom_padding=\u00bb||0px|||\u00bb link_option_url=\u00bbhttps:\/\/www.fmposgrado.unam.mx\/wp-content\/uploads\/AO-asociacion-entre-tratamientos.pdf\u00bb link_option_url_new_window=\u00bbon\u00bb]<\/p>\n<p><strong>Art\u00edculo original<\/strong><\/p>\n<p>Asociaci\u00f3n entre tratamientos en pacientes con c\u00e1ncer de mama<span class=\"Apple-converted-space\">\u00a0<\/span>con clasificaci\u00f3n cl\u00ednica y molecular<\/p>\n<p>[\/et_pb_text][et_pb_text _builder_version=\u00bb4.7.3&#8243; _module_preset=\u00bbdefault\u00bb custom_padding=\u00bb||0px|||\u00bb link_option_url=\u00bbhttps:\/\/www.fmposgrado.unam.mx\/wp-content\/uploads\/AO-hipervitaminosis-b12-1.pdf\u00bb link_option_url_new_window=\u00bbon\u00bb]<\/p>\n<p><strong>Art\u00edculo original<\/strong><\/p>\n<p>Hipervitaminosis B12 y mortalidad a edades avanzadas<\/p>\n<p>[\/et_pb_text][et_pb_text _builder_version=\u00bb4.7.3&#8243; _module_preset=\u00bbdefault\u00bb custom_padding=\u00bb||0px|||\u00bb link_option_url=\u00bbhttps:\/\/www.fmposgrado.unam.mx\/wp-content\/uploads\/OA-clinical-evaluation.pdf\u00bb link_option_url_new_window=\u00bbon\u00bb]<\/p>\n<p><strong>Original Article<\/strong><\/p>\n<p>Clinical Evaluation of Patients with Benign Prostatic Hyperplasia Grade II<span class=\"Apple-converted-space\">\u00a0<\/span>in a Family Medicine Unit<\/p>\n<p>[\/et_pb_text][et_pb_text _builder_version=\u00bb4.7.3&#8243; _module_preset=\u00bbdefault\u00bb custom_padding=\u00bb||0px|||\u00bb link_option_url=\u00bbhttps:\/\/www.fmposgrado.unam.mx\/wp-content\/uploads\/AO-evaluacion-clinica-de-pacientes.pdf\u00bb link_option_url_new_window=\u00bbon\u00bb]<\/p>\n<p><strong>Art\u00edculo original<\/strong><\/p>\n<p>Evaluaci\u00f3n cl\u00ednica de pacientes con hiperplasia prost\u00e1tica benigna grado II<span class=\"Apple-converted-space\">\u00a0<\/span>en una unidad de medicina familiar<\/p>\n<p>[\/et_pb_text][et_pb_text _builder_version=\u00bb4.7.3&#8243; _module_preset=\u00bbdefault\u00bb custom_padding=\u00bb||0px|||\u00bb link_option_url=\u00bbhttps:\/\/www.fmposgrado.unam.mx\/wp-content\/uploads\/AO-deterioro-cognoscitivo.pdf\u00bb link_option_url_new_window=\u00bbon\u00bb]<\/p>\n<p><strong>Art\u00edculo original<\/strong><\/p>\n<p>Deterioro cognoscitivo en adultos mayores con diabetes mellitus tipo 2<\/p>\n<p>[\/et_pb_text][et_pb_text _builder_version=\u00bb4.7.3&#8243; _module_preset=\u00bbdefault\u00bb custom_padding=\u00bb||0px|||\u00bb link_option_url=\u00bbhttps:\/\/www.fmposgrado.unam.mx\/wp-content\/uploads\/AO-nivel-de-conocimiento.pdf\u00bb link_option_url_new_window=\u00bbon\u00bb]<\/p>\n<p><strong>Art\u00edculo original<\/strong><\/p>\n<p>Nivel de conocimiento sobre los usos terap\u00e9uticos de la cannabis<span class=\"Apple-converted-space\">\u00a0<\/span>en m\u00e9dicos adscritos a un hospital del Estado de M\u00e9xico<\/p>\n<p>[\/et_pb_text][et_pb_text _builder_version=\u00bb4.7.3&#8243; _module_preset=\u00bbdefault\u00bb custom_padding=\u00bb||0px|||\u00bb link_option_url=\u00bbhttps:\/\/www.fmposgrado.unam.mx\/wp-content\/uploads\/AR-abordaje-diagnostico-y-manejo.pdf\u00bb link_option_url_new_window=\u00bbon\u00bb]<\/p>\n<p><strong>Art\u00edculo de revisi\u00f3n<\/strong><\/p>\n<p>Abordaje diagn\u00f3stico y manejo de psoriasis en atenci\u00f3n primaria<\/p>\n<p>[\/et_pb_text][et_pb_text _builder_version=\u00bb4.7.3&#8243; _module_preset=\u00bbdefault\u00bb custom_padding=\u00bb||0px|||\u00bb link_option_url=\u00bbhttps:\/\/www.fmposgrado.unam.mx\/wp-content\/uploads\/AR-formacion-de-recursos-humanos.pdf\u00bb link_option_url_new_window=\u00bbon\u00bb]<\/p>\n<p><strong>Art\u00edculo de revisi\u00f3n<\/strong><\/p>\n<p>Formaci\u00f3n de recursos humanos para la atenci\u00f3n primaria de la salud<span class=\"Apple-converted-space\">\u00a0<\/span>basada en actividades profesionales confiables<\/p>\n<p>[\/et_pb_text][et_pb_text _builder_version=\u00bb4.7.3&#8243; _module_preset=\u00bbdefault\u00bb custom_padding=\u00bb||0px|||\u00bb link_option_url=\u00bbhttps:\/\/www.fmposgrado.unam.mx\/wp-content\/uploads\/IDENTIFIQUE-1.pdf\u00bb link_option_url_new_window=\u00bbon\u00bb]<\/p>\n<p><strong>Identifique el caso<\/strong><\/p>\n<p>Seno ectod\u00e9rmico<\/p>\n<p>[\/et_pb_text][et_pb_text _builder_version=\u00bb4.7.3&#8243; _module_preset=\u00bbdefault\u00bb custom_padding=\u00bb||0px|||\u00bb link_option_url=\u00bbhttps:\/\/www.fmposgrado.unam.mx\/wp-content\/uploads\/INSTRUCCIONES.pdf\u00bb link_option_url_new_window=\u00bbon\u00bb]<\/p>\n<p><strong>Instrucciones para los autores<\/strong><\/p>\n<p>[\/et_pb_text][\/et_pb_column][\/et_pb_row][\/et_pb_section]<\/p>\n","protected":false},"excerpt":{"rendered":"<p>Aten. Fam. Volumen 28 no. 1 enero-marzo, 2021 (PDF completo) Editorial Uso generalizado de cubrebocas frente a la pandemia ocasionada por el sars-CoV-2Original Article Physical Activity and its Association with Emotional State\u00a0in the Elderly with ObesityArt\u00edculo original Actividad f\u00edsica y su asociaci\u00f3n con el estado emocional\u00a0en adultos mayores con obesidadArt\u00edculo original Determinaci\u00f3n de la adherencia [&hellip;]<\/p>\n","protected":false},"author":9,"featured_media":0,"parent":0,"menu_order":0,"comment_status":"closed","ping_status":"closed","template":"","meta":{"_acf_changed":false,"_et_pb_use_builder":"on","_et_pb_old_content":"","_et_gb_content_width":"","footnotes":""},"class_list":["post-3941","page","type-page","status-publish","hentry"],"acf":[],"_links":{"self":[{"href":"https:\/\/www.fmposgrado.unam.mx\/index.php\/wp-json\/wp\/v2\/pages\/3941","targetHints":{"allow":["GET"]}}],"collection":[{"href":"https:\/\/www.fmposgrado.unam.mx\/index.php\/wp-json\/wp\/v2\/pages"}],"about":[{"href":"https:\/\/www.fmposgrado.unam.mx\/index.php\/wp-json\/wp\/v2\/types\/page"}],"author":[{"embeddable":true,"href":"https:\/\/www.fmposgrado.unam.mx\/index.php\/wp-json\/wp\/v2\/users\/9"}],"replies":[{"embeddable":true,"href":"https:\/\/www.fmposgrado.unam.mx\/index.php\/wp-json\/wp\/v2\/comments?post=3941"}],"version-history":[{"count":10,"href":"https:\/\/www.fmposgrado.unam.mx\/index.php\/wp-json\/wp\/v2\/pages\/3941\/revisions"}],"predecessor-version":[{"id":4452,"href":"https:\/\/www.fmposgrado.unam.mx\/index.php\/wp-json\/wp\/v2\/pages\/3941\/revisions\/4452"}],"wp:attachment":[{"href":"https:\/\/www.fmposgrado.unam.mx\/index.php\/wp-json\/wp\/v2\/media?parent=3941"}],"curies":[{"name":"wp","href":"https:\/\/api.w.org\/{rel}","templated":true}]}}