{"id":4472,"date":"2021-03-24T17:45:25","date_gmt":"2021-03-24T17:45:25","guid":{"rendered":"https:\/\/www.fmposgrado.unam.mx\/?page_id=4472"},"modified":"2023-06-06T11:16:34","modified_gmt":"2023-06-06T16:16:34","slug":"af-28-2-2","status":"publish","type":"page","link":"https:\/\/www.fmposgrado.unam.mx\/index.php\/af-28-2-2","title":{"rendered":"AF 28 2"},"content":{"rendered":"<p>[et_pb_section fb_built=\u00bb1&#8243; _builder_version=\u00bb4.7.3&#8243; _module_preset=\u00bbdefault\u00bb][et_pb_row column_structure=\u00bb1_2,1_2&#8243; _builder_version=\u00bb4.7.3&#8243; _module_preset=\u00bbdefault\u00bb][et_pb_column type=\u00bb1_2&#8243; _builder_version=\u00bb4.7.3&#8243; _module_preset=\u00bbdefault\u00bb][et_pb_image src=\u00bbhttps:\/\/www.fmposgrado.unam.mx\/wp-content\/uploads\/portada-100.jpg\u00bb title_text=\u00bbportada 100&#8243; _builder_version=\u00bb4.7.3&#8243; _module_preset=\u00bbdefault\u00bb box_shadow_style=\u00bbpreset1&#8243;][\/et_pb_image][\/et_pb_column][et_pb_column type=\u00bb1_2&#8243; _builder_version=\u00bb4.7.3&#8243; _module_preset=\u00bbdefault\u00bb][et_pb_text _builder_version=\u00bb4.7.3&#8243; _module_preset=\u00bbdefault\u00bb link_option_url=\u00bbhttps:\/\/www.fmposgrado.unam.mx\/wp-content\/uploads\/AF-28-2.pdf\u00bb link_option_url_new_window=\u00bbon\u00bb hover_enabled=\u00bb0&#8243; sticky_enabled=\u00bb0&#8243;]<\/p>\n<p><strong>Aten. Fam. Volumen 28 no. 2 abril-junio, 2021<\/strong><\/p>\n<p>(PDF completo)<\/p>\n<p>[\/et_pb_text][et_pb_text _builder_version=\u00bb4.7.3&#8243; _module_preset=\u00bbdefault\u00bb link_option_url=\u00bbhttps:\/\/www.fmposgrado.unam.mx\/wp-content\/uploads\/EDITO-2.pdf\u00bb link_option_url_new_window=\u00bbon\u00bb hover_enabled=\u00bb0&#8243; sticky_enabled=\u00bb0&#8243;]<\/p>\n<p><strong>Editorial<\/strong><\/p>\n<p>La Medicina Familiar, m\u00e1s vigente que nunca<\/p>\n<p>[\/et_pb_text][et_pb_text _builder_version=\u00bb4.7.3&#8243; _module_preset=\u00bbdefault\u00bb link_option_url=\u00bbhttps:\/\/www.fmposgrado.unam.mx\/wp-content\/uploads\/OA-Ultrasonography-and-Functional-Hepatic-Alterations.pdfi_.pdf\u00bb link_option_url_new_window=\u00bbon\u00bb hover_enabled=\u00bb0&#8243; sticky_enabled=\u00bb0&#8243;]<\/p>\n<p><strong>Original Article<\/strong><\/p>\n<p>Ultrasonography and Functional Hepatic Alterations<span class=\"Apple-converted-space\">\u00a0<\/span>in Obese Children and Adolescents<\/p>\n<p>[\/et_pb_text][et_pb_text _builder_version=\u00bb4.7.3&#8243; _module_preset=\u00bbdefault\u00bb link_option_url=\u00bbhttps:\/\/www.fmposgrado.unam.mx\/wp-content\/uploads\/AO-Alteraciones-ultrasonograficas-y-funcionales-hepaticas.pdf\u00bb link_option_url_new_window=\u00bbon\u00bb hover_enabled=\u00bb0&#8243; sticky_enabled=\u00bb0&#8243;]<\/p>\n<p><strong>Art\u00edculo original<\/strong><\/p>\n<p>Alteraciones ultrasonogr\u00e1ficas y funcionales hep\u00e1ticas<span class=\"Apple-converted-space\">\u00a0<\/span>en ni\u00f1os y adolescentes con obesidad<\/p>\n<p>[\/et_pb_text][et_pb_text _builder_version=\u00bb4.7.3&#8243; _module_preset=\u00bbdefault\u00bb link_option_url=\u00bbhttps:\/\/www.fmposgrado.unam.mx\/wp-content\/uploads\/AO-caracterizacion-de-discapacidad.pdf\u00bb link_option_url_new_window=\u00bbon\u00bb hover_enabled=\u00bb0&#8243; sticky_enabled=\u00bb0&#8243;]<\/p>\n<p><strong>Art\u00edculo original<\/strong><\/p>\n<p>Caracterizaci\u00f3n de discapacidad en pacientes con traumatismos<span class=\"Apple-converted-space\">\u00a0<\/span>de la m\u00e9dula espinal usando whodas 2.0<\/p>\n<p>[\/et_pb_text][et_pb_text _builder_version=\u00bb4.7.3&#8243; _module_preset=\u00bbdefault\u00bb link_option_url=\u00bbhttps:\/\/www.fmposgrado.unam.mx\/wp-content\/uploads\/AO-relacion-entre-satisfaccion.pdf\u00bb link_option_url_new_window=\u00bbon\u00bb hover_enabled=\u00bb0&#8243; sticky_enabled=\u00bb0&#8243;]<\/p>\n<p><strong>Art\u00edculo original<\/strong><\/p>\n<p>Relaci\u00f3n entre satisfacci\u00f3n con el tratamiento para diabetes<span class=\"Apple-converted-space\">\u00a0<\/span>y control gluc\u00e9mico en pacientes mayores de edad<\/p>\n<p>[\/et_pb_text][et_pb_text _builder_version=\u00bb4.7.3&#8243; _module_preset=\u00bbdefault\u00bb link_option_url=\u00bbhttps:\/\/www.fmposgrado.unam.mx\/wp-content\/uploads\/AO-caracteristicas-clinicas-y-epidemio.pdf\u00bb link_option_url_new_window=\u00bbon\u00bb hover_enabled=\u00bb0&#8243; sticky_enabled=\u00bb0&#8243;]<\/p>\n<p><strong>Art\u00edculo original<\/strong><\/p>\n<p>Caracter\u00edsticas cl\u00ednicas y epidemiol\u00f3gicas de c\u00e1ncer de mama en un hospital general de zona de Cuernavaca, M\u00e9xico<\/p>\n<p>[\/et_pb_text][et_pb_text _builder_version=\u00bb4.7.3&#8243; _module_preset=\u00bbdefault\u00bb link_option_url=\u00bbhttps:\/\/www.fmposgrado.unam.mx\/wp-content\/uploads\/AO-perfil-estacional.pdf\u00bb link_option_url_new_window=\u00bbon\u00bb hover_enabled=\u00bb0&#8243; sticky_enabled=\u00bb0&#8243;]<\/p>\n<p><strong>Art\u00edculo original<\/strong><\/p>\n<p>Perfil estacional en adultos con rinitis al\u00e9rgica en una unidad de medicina familiar<\/p>\n<p>[\/et_pb_text][et_pb_text _builder_version=\u00bb4.7.3&#8243; _module_preset=\u00bbdefault\u00bb link_option_url=\u00bbhttps:\/\/www.fmposgrado.unam.mx\/wp-content\/uploads\/AO-factores-asociados-al-uso.pdf\u00bb link_option_url_new_window=\u00bbon\u00bb hover_enabled=\u00bb0&#8243; sticky_enabled=\u00bb0&#8243;]<\/p>\n<p><strong>Art\u00edculo original<\/strong><\/p>\n<p>Factores asociados al uso problem\u00e1tico de internet en adolescentes<\/p>\n<p>[\/et_pb_text][et_pb_text _builder_version=\u00bb4.7.3&#8243; _module_preset=\u00bbdefault\u00bb link_option_url=\u00bbhttps:\/\/www.fmposgrado.unam.mx\/wp-content\/uploads\/OA-prevalence-of-depression.pdf\u00bb link_option_url_new_window=\u00bbon\u00bb hover_enabled=\u00bb0&#8243; sticky_enabled=\u00bb0&#8243;]<\/p>\n<p><strong>Original Article<\/strong><\/p>\n<p>Prevalence of Depression in the Elderly Population from a Public Primary Care Unit in Michoac\u00e1n<\/p>\n<p>[\/et_pb_text][et_pb_text _builder_version=\u00bb4.7.3&#8243; _module_preset=\u00bbdefault\u00bb link_option_url=\u00bbhttps:\/\/www.fmposgrado.unam.mx\/wp-content\/uploads\/AO-prevalencia-de-depresion.pdf\u00bb link_option_url_new_window=\u00bbon\u00bb hover_enabled=\u00bb0&#8243; sticky_enabled=\u00bb0&#8243;]<\/p>\n<p><strong>Art\u00edculo original<\/strong><\/p>\n<p>Prevalencia de depresi\u00f3n en adultos mayores en una unidad de medicina familiar<span class=\"Apple-converted-space\">\u00a0<\/span>de Michoac\u00e1n<\/p>\n<p>[\/et_pb_text][et_pb_text _builder_version=\u00bb4.7.3&#8243; _module_preset=\u00bbdefault\u00bb link_option_url=\u00bbhttps:\/\/www.fmposgrado.unam.mx\/wp-content\/uploads\/AR-crisis-familiares.pdf\u00bb link_option_url_new_window=\u00bbon\u00bb hover_enabled=\u00bb0&#8243; sticky_enabled=\u00bb0&#8243;]<\/p>\n<p><strong>Art\u00edculo de revisi\u00f3n<\/strong><\/p>\n<p>Crisis familiares normativas<\/p>\n<p>[\/et_pb_text][et_pb_text _builder_version=\u00bb4.7.3&#8243; _module_preset=\u00bbdefault\u00bb link_option_url=\u00bbhttps:\/\/www.fmposgrado.unam.mx\/wp-content\/uploads\/RA-approach-to-parenting.pdf\u00bb link_option_url_new_window=\u00bbon\u00bb hover_enabled=\u00bb0&#8243; sticky_enabled=\u00bb0&#8243;]<\/p>\n<p><strong>Review Article<\/strong><\/p>\n<p>Approach to Parenting Styles as a Tool for the Family Physician<span class=\"Apple-converted-space\">\u00a0<\/span>during Adolescent Care<\/p>\n<p>[\/et_pb_text][et_pb_text _builder_version=\u00bb4.7.3&#8243; _module_preset=\u00bbdefault\u00bb link_option_url=\u00bbhttps:\/\/www.fmposgrado.unam.mx\/wp-content\/uploads\/AR-abordaje-de-los-estilos.pdf\u00bb link_option_url_new_window=\u00bbon\u00bb hover_enabled=\u00bb0&#8243; sticky_enabled=\u00bb0&#8243;]<\/p>\n<p><strong>Art\u00edculo de revisi\u00f3n<\/strong><\/p>\n<p>Abordaje de los estilos de crianza como herramienta para el m\u00e9dico familiar<span class=\"Apple-converted-space\">\u00a0<\/span>durante la atenci\u00f3n del adolescente<\/p>\n<p>[\/et_pb_text][et_pb_text _builder_version=\u00bb4.7.3&#8243; _module_preset=\u00bbdefault\u00bb link_option_url=\u00bbhttps:\/\/www.fmposgrado.unam.mx\/wp-content\/uploads\/IDENTIFIQUE-2.pdf\u00bb link_option_url_new_window=\u00bbon\u00bb hover_enabled=\u00bb0&#8243; sticky_enabled=\u00bb0&#8243;]<\/p>\n<p><strong>Identifique el caso<\/strong><\/p>\n<p>S\u00edndrome del elevador de la esc\u00e1pula por avulsi\u00f3n de su inserci\u00f3n distal<\/p>\n<p>[\/et_pb_text][et_pb_text _builder_version=\u00bb4.7.3&#8243; _module_preset=\u00bbdefault\u00bb link_option_url=\u00bbhttps:\/\/www.fmposgrado.unam.mx\/wp-content\/uploads\/INSTRUCCIONES-1.pdf\u00bb link_option_url_new_window=\u00bbon\u00bb hover_enabled=\u00bb0&#8243; sticky_enabled=\u00bb0&#8243;]<\/p>\n<p><strong>Instrucciones para los autores<\/strong><\/p>\n<p>[\/et_pb_text][\/et_pb_column][\/et_pb_row][\/et_pb_section]<\/p>\n","protected":false},"excerpt":{"rendered":"<p>Aten. Fam. Volumen 28 no. 2 abril-junio, 2021 (PDF completo)Editorial La Medicina Familiar, m\u00e1s vigente que nunca Original Article Ultrasonography and Functional Hepatic Alterations\u00a0in Obese Children and Adolescents Art\u00edculo original Alteraciones ultrasonogr\u00e1ficas y funcionales hep\u00e1ticas\u00a0en ni\u00f1os y adolescentes con obesidad Art\u00edculo original Caracterizaci\u00f3n de discapacidad en pacientes con traumatismos\u00a0de la m\u00e9dula espinal usando whodas 2.0 [&hellip;]<\/p>\n","protected":false},"author":9,"featured_media":0,"parent":0,"menu_order":0,"comment_status":"closed","ping_status":"closed","template":"","meta":{"_acf_changed":false,"_et_pb_use_builder":"on","_et_pb_old_content":"","_et_gb_content_width":"","footnotes":""},"class_list":["post-4472","page","type-page","status-publish","hentry"],"acf":[],"_links":{"self":[{"href":"https:\/\/www.fmposgrado.unam.mx\/index.php\/wp-json\/wp\/v2\/pages\/4472","targetHints":{"allow":["GET"]}}],"collection":[{"href":"https:\/\/www.fmposgrado.unam.mx\/index.php\/wp-json\/wp\/v2\/pages"}],"about":[{"href":"https:\/\/www.fmposgrado.unam.mx\/index.php\/wp-json\/wp\/v2\/types\/page"}],"author":[{"embeddable":true,"href":"https:\/\/www.fmposgrado.unam.mx\/index.php\/wp-json\/wp\/v2\/users\/9"}],"replies":[{"embeddable":true,"href":"https:\/\/www.fmposgrado.unam.mx\/index.php\/wp-json\/wp\/v2\/comments?post=4472"}],"version-history":[{"count":18,"href":"https:\/\/www.fmposgrado.unam.mx\/index.php\/wp-json\/wp\/v2\/pages\/4472\/revisions"}],"predecessor-version":[{"id":4530,"href":"https:\/\/www.fmposgrado.unam.mx\/index.php\/wp-json\/wp\/v2\/pages\/4472\/revisions\/4530"}],"wp:attachment":[{"href":"https:\/\/www.fmposgrado.unam.mx\/index.php\/wp-json\/wp\/v2\/media?parent=4472"}],"curies":[{"name":"wp","href":"https:\/\/api.w.org\/{rel}","templated":true}]}}