{"id":451,"date":"2020-06-01T19:04:08","date_gmt":"2020-06-01T19:04:08","guid":{"rendered":"https:\/\/132.247.127.129\/?page_id=451"},"modified":"2023-06-06T11:16:36","modified_gmt":"2023-06-06T16:16:36","slug":"imagenologia","status":"publish","type":"page","link":"https:\/\/www.fmposgrado.unam.mx\/index.php\/imagenologia","title":{"rendered":"Imagenolog\u00eda"},"content":{"rendered":"<p>[et_pb_section fb_built=\u00bb1&#8243; _builder_version=\u00bb4.4.3&#8243; use_background_color_gradient=\u00bbon\u00bb background_image=\u00bbhttps:\/\/www.fmposgrado.unam.mx\/wp-content\/uploads\/2020\/06\/Untitled-2.png\u00bb parallax=\u00bbon\u00bb custom_margin=\u00bb||-5px|||\u00bb custom_padding=\u00bb4px||4px|||\u00bb hover_enabled=\u00bb0&#8243; box_shadow_style=\u00bbpreset3&#8243;][et_pb_row use_custom_gutter=\u00bbon\u00bb gutter_width=\u00bb1&#8243; make_equal=\u00bbon\u00bb admin_label=\u00bbrow\u00bb _builder_version=\u00bb4.4.3&#8243; use_background_color_gradient=\u00bbon\u00bb background_color_gradient_start=\u00bb#000000&#8243; background_color_gradient_end=\u00bbrgba(0,0,0,0.63)\u00bb background_image=\u00bbhttps:\/\/www.fmposgrado.unam.mx\/wp-content\/uploads\/2020\/05\/Sin-ti\u0301tulo-2.png\u00bb parallax=\u00bbon\u00bb width=\u00bb100%\u00bb max_width=\u00bb2468px\u00bb min_height=\u00bb268px\u00bb custom_margin=\u00bb-11px|auto|-5px|auto||\u00bb custom_padding=\u00bb67px||81px|||\u00bb hover_enabled=\u00bb0&#8243;][et_pb_column type=\u00bb4_4&#8243; _builder_version=\u00bb3.25&#8243; custom_padding=\u00bb|||\u00bb custom_padding__hover=\u00bb|||\u00bb][et_pb_text _builder_version=\u00bb4.4.3&#8243; text_font_size=\u00bb1px\u00bb header_font=\u00bb|600|||||||\u00bb header_text_color=\u00bb#ffffff\u00bb header_font_size=\u00bb41px\u00bb text_orientation=\u00bbcenter\u00bb custom_margin=\u00bb19px|||||\u00bb custom_padding=\u00bb2px|||||\u00bb]<\/p>\n<h1>Imagenolog\u00eda<\/h1>\n<p>[\/et_pb_text][et_pb_text _builder_version=\u00bb4.4.3&#8243; text_font=\u00bb|300||on|||||\u00bb text_text_color=\u00bb#efab00&#8243; text_font_size=\u00bb22px\u00bb header_font=\u00bb|600|||||||\u00bb header_text_color=\u00bb#ffffff\u00bb header_font_size=\u00bb41px\u00bb text_orientation=\u00bbcenter\u00bb custom_margin=\u00bb19px|||||\u00bb custom_padding=\u00bb2px|||||\u00bb]<\/p>\n<p>Videoteca<\/p>\n<p>[\/et_pb_text][\/et_pb_column][\/et_pb_row][\/et_pb_section][et_pb_section fb_built=\u00bb1&#8243; _builder_version=\u00bb4.4.3&#8243; background_enable_color=\u00bboff\u00bb background_image=\u00bbhttps:\/\/www.fmposgrado.unam.mx\/wp-content\/uploads\/2020\/06\/Fondoimagen.png\u00bb custom_margin=\u00bb3px||-22px||false|false\u00bb custom_padding=\u00bb33px||0px|||\u00bb top_divider_color=\u00bb#000000&#8243; top_divider_height=\u00bb63px\u00bb top_divider_flip=\u00bbhorizontal|vertical\u00bb hover_enabled=\u00bb0&#8243; top_divider_style=\u00bbwave\u00bb][et_pb_row column_structure=\u00bb1_3,1_3,1_3&#8243; _builder_version=\u00bb4.4.1&#8243; custom_margin=\u00bb35px|auto||auto||\u00bb][et_pb_column type=\u00bb1_3&#8243; _builder_version=\u00bb4.4.1&#8243;][et_pb_video src=\u00bbhttps:\/\/www.youtube.com\/watch?v=b7igWxxhILE\u00bb _builder_version=\u00bb4.4.1&#8243; border_width_all=\u00bb2px\u00bb border_color_all=\u00bb#000000&#8243;][\/et_pb_video][et_pb_text _builder_version=\u00bb4.4.1&#8243; text_font=\u00bbArial||||||||\u00bb text_text_color=\u00bb#000000&#8243; text_font_size=\u00bb22px\u00bb background_enable_color=\u00bboff\u00bb text_orientation=\u00bbcenter\u00bb]<\/p>\n<p><strong>Imagenolog\u00eda del Abdomen Superior<\/strong><\/p>\n<p>[\/et_pb_text][\/et_pb_column][et_pb_column type=\u00bb1_3&#8243; _builder_version=\u00bb4.4.1&#8243;][et_pb_video src=\u00bbhttps:\/\/www.youtube.com\/watch?v=vI9JmBiGArU\u00bb _builder_version=\u00bb4.4.1&#8243; border_width_all=\u00bb2px\u00bb border_color_all=\u00bb#000000&#8243;][\/et_pb_video][et_pb_text _builder_version=\u00bb4.4.1&#8243; text_font=\u00bbArial||||||||\u00bb text_text_color=\u00bb#000000&#8243; text_font_size=\u00bb22px\u00bb background_enable_color=\u00bboff\u00bb text_orientation=\u00bbcenter\u00bb]<\/p>\n<p><strong>Radiolog\u00eda B\u00e1sica de T\u00f3rax<\/strong><\/p>\n<p>[\/et_pb_text][\/et_pb_column][et_pb_column type=\u00bb1_3&#8243; _builder_version=\u00bb4.4.1&#8243;][et_pb_video src=\u00bbhttps:\/\/www.youtube.com\/watch?v=a5PGcL6NzhE\u00bb _builder_version=\u00bb4.4.1&#8243; border_width_all=\u00bb2px\u00bb border_color_all=\u00bb#000000&#8243;][\/et_pb_video][et_pb_text _builder_version=\u00bb4.4.1&#8243; text_font=\u00bbArial||||||||\u00bb text_text_color=\u00bb#000000&#8243; text_font_size=\u00bb22px\u00bb background_enable_color=\u00bboff\u00bb text_orientation=\u00bbcenter\u00bb]<\/p>\n<p><strong>Imagenolog\u00eda del o\u00eddo<\/strong><\/p>\n<p>[\/et_pb_text][\/et_pb_column][\/et_pb_row][\/et_pb_section][et_pb_section fb_built=\u00bb1&#8243; _builder_version=\u00bb4.4.1&#8243; background_enable_color=\u00bboff\u00bb background_image=\u00bbhttps:\/\/www.fmposgrado.unam.mx\/wp-content\/uploads\/2020\/06\/Fondoimagen.png\u00bb max_height=\u00bb500px\u00bb][et_pb_row column_structure=\u00bb1_2,1_2&#8243; _builder_version=\u00bb4.4.1&#8243; width=\u00bb700px\u00bb custom_margin=\u00bb-28px|auto||auto||\u00bb][et_pb_column type=\u00bb1_2&#8243; _builder_version=\u00bb4.4.1&#8243;][et_pb_video src=\u00bbhttps:\/\/www.youtube.com\/watch?v=aMA-KLkAlTw\u00bb _builder_version=\u00bb4.4.1&#8243; border_width_all=\u00bb2px\u00bb border_color_all=\u00bb#000000&#8243;][\/et_pb_video][et_pb_text _builder_version=\u00bb4.4.1&#8243; text_font=\u00bbArial||||||||\u00bb text_text_color=\u00bb#000000&#8243; text_font_size=\u00bb22px\u00bb background_enable_color=\u00bboff\u00bb text_orientation=\u00bbcenter\u00bb]<\/p>\n<p><strong>PET\/CT<\/strong><\/p>\n<p>[\/et_pb_text][\/et_pb_column][et_pb_column type=\u00bb1_2&#8243; _builder_version=\u00bb4.4.1&#8243;][et_pb_video src=\u00bbhttps:\/\/www.youtube.com\/watch?v=Sf9XtieYvjc\u00bb _builder_version=\u00bb4.4.1&#8243; border_width_all=\u00bb2px\u00bb border_color_all=\u00bb#000000&#8243;][\/et_pb_video][et_pb_text _builder_version=\u00bb4.4.1&#8243; text_font=\u00bbArial||||||||\u00bb text_text_color=\u00bb#000000&#8243; text_font_size=\u00bb22px\u00bb background_enable_color=\u00bboff\u00bb text_orientation=\u00bbcenter\u00bb]<\/p>\n<p><strong>Patolog\u00eda Benigna en Ginecolog\u00eda<\/strong><\/p>\n<p>[\/et_pb_text][\/et_pb_column][\/et_pb_row][\/et_pb_section]<\/p>\n","protected":false},"excerpt":{"rendered":"<p>Imagenolog\u00edaVideotecaImagenolog\u00eda del Abdomen SuperiorRadiolog\u00eda B\u00e1sica de T\u00f3raxImagenolog\u00eda del o\u00eddoPET\/CTPatolog\u00eda Benigna en Ginecolog\u00eda<\/p>\n","protected":false},"author":4,"featured_media":0,"parent":0,"menu_order":0,"comment_status":"closed","ping_status":"closed","template":"","meta":{"_acf_changed":false,"_et_pb_use_builder":"on","_et_pb_old_content":"","_et_gb_content_width":"","footnotes":""},"class_list":["post-451","page","type-page","status-publish","hentry"],"acf":[],"_links":{"self":[{"href":"https:\/\/www.fmposgrado.unam.mx\/index.php\/wp-json\/wp\/v2\/pages\/451","targetHints":{"allow":["GET"]}}],"collection":[{"href":"https:\/\/www.fmposgrado.unam.mx\/index.php\/wp-json\/wp\/v2\/pages"}],"about":[{"href":"https:\/\/www.fmposgrado.unam.mx\/index.php\/wp-json\/wp\/v2\/types\/page"}],"author":[{"embeddable":true,"href":"https:\/\/www.fmposgrado.unam.mx\/index.php\/wp-json\/wp\/v2\/users\/4"}],"replies":[{"embeddable":true,"href":"https:\/\/www.fmposgrado.unam.mx\/index.php\/wp-json\/wp\/v2\/comments?post=451"}],"version-history":[{"count":6,"href":"https:\/\/www.fmposgrado.unam.mx\/index.php\/wp-json\/wp\/v2\/pages\/451\/revisions"}],"predecessor-version":[{"id":1006,"href":"https:\/\/www.fmposgrado.unam.mx\/index.php\/wp-json\/wp\/v2\/pages\/451\/revisions\/1006"}],"wp:attachment":[{"href":"https:\/\/www.fmposgrado.unam.mx\/index.php\/wp-json\/wp\/v2\/media?parent=451"}],"curies":[{"name":"wp","href":"https:\/\/api.w.org\/{rel}","templated":true}]}}